ose 2*y = -5*n - 0*y, 3*n - 5*y = 31. Suppose x - 5*u = -0*x, 3*x = n*u. Suppose x = 2*k - 3*k + 182. What is the hundreds digit of k?
1
Let o = 44 + -37. Suppose -u + o = 2*u - 4*k, 3*k + 6 = 2*u. What is the units digit of (-15)/10*(u + (-106)/6)?
1
Let o(i) = -i**3 - i + 4. Let r be o(-2). Let p(m) = 5*m + 31. What is the units digit of p(r)?
1
Let k be (-1)/((-4)/(-16)) + 6. Let m be (-10 + 0)*(-47)/2. What is the tens digit of m/5 + 0 + k?
4
Suppose 5*l - 3*k - 50462 = 0, 0*l = 3*l - 2*k - 30278. What is the ten thousands digit of l?
1
Let v = 139 + -16. Let r(t) = t**2 - 5*t - 8. Let l be r(17). Let c = l - v. What is the tens digit of c?
7
Suppose -4*g - 3*s = 7, 2*s + 5 = -5*g - s. Suppose g*n + 10 = 66. What is the tens digit of n?
2
Let k(i) = 8*i**2 - 1. Let z be k(1). Suppose 0 = -z*a + 38 + 4. Suppose 22*b = a*b + 3552. What is the units digit of b?
2
Let w = 57 - 64. Let y(k) = -19*k - 2. Let g(v) = -37*v - 4. Let x(f) = 6*g(f) - 11*y(f). What is the tens digit of x(w)?
8
Let z = -2664 + 3954. What is the hundreds digit of 8/(-28) - z/(-7)?
1
Let l = -12 - -5. Let g = 10 - l. Let t = 72 - g. What is the tens digit of t?
5
Let n(p) = 2*p**2 + 26*p + 23. Let o(f) = -f**2 - 25*f - 23. Let a(x) = -3*n(x) - 4*o(x). Suppose -21 = -j - 10. What is the units digit of a(j)?
3
Suppose -5*a - 5*f = -111890, 2*a + 351*f - 353*f - 44748 = 0. What is the thousands digit of a?
2
Suppose 17*a = 9*a + 45966 + 66690. What is the thousands digit of a?
4
Let d = 6957 + -1122. What is the units digit of d?
5
What is the thousands digit of (6/5)/((-288664)/41240 - -7)?
3
Suppose 4*d = 2*h - 124, 7*h + 4*d = 5*h + 124. Suppose h*p - 56*p = 900. What is the tens digit of p?
5
Let i be (-3)/(-6) + ((-55)/(-10))/1. What is the hundreds digit of 4081/28 - i/8?
1
Suppose 16*y - 634220 = -174*y. What is the hundreds digit of y?
3
What is the ten thousands digit of (-15)/3 - 0 - 21/14*-16106?
2
Let m be (5 - 21) + (2 + -27)/5. What is the hundreds digit of 133536/168 - 3/m?
7
Let y(t) = -t**3 + 4*t**2 + 6*t - 1. Let v be y(5). Suppose -v*o = -2*j + 5*j - 1040, -5*j = 5*o - 1295. What is the units digit of o?
3
Let n(w) = w + 10. Let f be n(-6). Suppose 0 = l + 5, 4*m + 1828 = 8*m + f*l. What is the tens digit of m?
6
What is the tens digit of 2*138044/(-20)*10/(-4)?
1
Let c(h) = -425*h**3 + h**2 - h - 1. Suppose 5*i - 1 = -3*n - 4, 0 = -4*i. What is the units digit of c(n)?
6
Let g be -7*4*1/2. Let s(a) be the second derivative of -7*a**3/6 + 27*a**2/2 - 13*a - 1. What is the units digit of s(g)?
5
Suppose -3*w = 3*o - 9 - 30, 3*w + 15 = 3*o. Suppose o*v - r = 5*v + 132, -3*r = v - 33. What is the units digit of v?
3
Let f = 292 - 127. Suppose -4*a = 12, -f = 2*m - 3*m + 2*a. What is the hundreds digit of m?
1
What is the thousands digit of (15 - 598/26) + (-3 - -44016) + 3?
4
Let a(s) = -s**2 + 27*s - 46. Let r be a(25). Suppose 4*z - 140 = -2*f, 2*f - r*z - 126 = 54. What is the tens digit of f?
8
Suppose -23 - 32 = -5*s + 4*x, s - 2*x = 17. Suppose s*k + 3850 = 29*k. What is the tens digit of k?
7
Let v(q) = -q**2 + 11*q - 15. Suppose n - 6 - 8 = -f, -3*n + 15 = 0. Let m be v(f). Suppose -8*p + 45 = -m*p. What is the units digit of p?
9
Let h be (-1)/2 - 15/((-30)/113). Suppose -10*n + h*n = 9154. What is the units digit of n?
9
Let m(z) = -z**3 - 7*z**2 + 23*z + 18. Let f be m(-13). Let q = f + -326. What is the units digit of q?
7
Suppose 0 = -445*y + 468*y - 71231. What is the thousands digit of y?
3
Let g be ((-2192)/12)/(2 + 60/(-27)). Let p = g - 234. Suppose 4*x - 208 = p. What is the units digit of x?
9
Suppose -4*w = g - 7, -5*w + 0 = g - 8. Suppose -1 + 2 = m, 0 = c + g*m - 19. Suppose -17*a + 16*a + c = 0. What is the tens digit of a?
1
Let l(k) = -k**3 + 16*k**2 - 31*k + 11. Let j be l(14). Let o = 109 + j. Let w = 125 - o. What is the tens digit of w?
4
Suppose -30293 = -9*q + 19585. What is the tens digit of q?
4
Let x(h) = h**3 + h**2. Let p be x(0). Suppose p = -r - 4, 0 = -k + 5*r + 32 + 18. Suppose -k = -2*y + 220. What is the tens digit of y?
2
Let d be 10/(-15)*1*-6. Let h = 11 + -11. Suppose 0*o - 310 = -4*o + v, o + d*v - 86 = h. What is the units digit of o?
8
Suppose -32*l + 30286 + 77308 = -100726. What is the tens digit of l?
1
Let c be -11 + (-15642)/(-42) + (-3)/7. Let t = c + -98. What is the tens digit of t?
6
Let i(o) = -3*o**3 - 25*o**2 + 15*o - 10. Let w be i(-9). Let b(g) = g**2 - 10*g - 56. What is the tens digit of b(w)?
6
Let v(n) = 1199*n + 131. Let t be v(7). Suppose 744 = -10*r + t. What is the hundreds digit of r?
7
Suppose -23*m + 24*m - 74 = 0. Let y(g) = -3*g**2 - 2*g - 4. Let k be y(3). Let t = k + m. What is the units digit of t?
7
Suppose 24*t = -290*t + 1701252. What is the tens digit of t?
1
Suppose -5*u + 2*v - 80 = 0, -4*u = -3*v - v + 52. Let y = u - -36. Let k(p) = p**2 - 12*p - 32. What is the units digit of k(y)?
6
Let d(y) = -819*y**3 + 11*y**2 - 7*y - 2. Let t(r) = -411*r**3 + 6*r**2 - 4*r - 1. Let n(c) = 4*d(c) - 7*t(c). What is the hundreds digit of n(-1)?
4
Let s(g) = 448*g - 1361. What is the hundreds digit of s(59)?
0
Let h(z) = 3*z**2 - 16*z + 34. Let q(l) = 13*l**2 - 65*l + 135. Let a(c) = 9*h(c) - 2*q(c). What is the units digit of a(20)?
6
Let d = -9672 - -10876. What is the tens digit of d?
0
Let y = 146 + -139. Suppose 0 = -y*z + 13*z - 24. Suppose 0 = -0*s - z*s + 1092. What is the units digit of s?
3
Let b = 87 - 83. Suppose -14 = -b*f + s + 14, 0 = -5*s + 20. What is the units digit of ((-26)/f)/(12/(-144))?
9
Suppose 0 = -5*l + 2*z + 4216, -4*l + 2526 = -l - 3*z. What is the units digit of (-1 - 0)/((-2)/(l + 2))?
3
Let i = 946 + -591. Suppose 0 = 4*l + l - i. Let t = 140 - l. What is the units digit of t?
9
Suppose 7*q - 19780 - 1780 = 0. Suppose 0 = 23*u - 28*u + q. What is the tens digit of u?
1
Let s(a) be the first derivative of -11*a**2 + 107*a + 113. What is the hundreds digit of s(-9)?
3
Let j = 14 + -12. Let x be 13 - 3/(-6)*j. Let v(i) = -i**2 + 14*i + 12. What is the tens digit of v(x)?
1
Let p(c) = c**2 + 18*c - 36. Let n be p(-20). Let z(d) = -d**3 + 4*d**2 - 4*d + 1. Let o be z(n). What is the tens digit of (-6)/o - 15/(-25) - -70?
7
Let o(w) = -2*w + 28. Let r be o(2). Suppose 23*l + 286 = r*l. What is the units digit of l?
6
Let x(i) = i**3 + 4*i**2 + 9. Let j be x(-4). Let b(l) be the second derivative of 7*l**3/3 + l**2/2 + 13*l. What is the units digit of b(j)?
7
Suppose -x = -7*x + 762. Let y = x - 119. Suppose 9*p = y*p + 85. What is the tens digit of p?
8
Let l(i) = 1304*i + 319. What is the units digit of l(11)?
3
Let d = 234 - 1151. Let v = -191 - d. What is the hundreds digit of v?
7
Let m = 244 + -369. Let j be 316 - 9/18*-14. Let o = m + j. What is the units digit of o?
8
Let i(b) = 156*b**2 + 73*b + 203. What is the thousands digit of i(-3)?
1
Let q(w) = -279*w + 395. What is the hundreds digit of q(-42)?
1
Suppose 5*w - 4*w + 6 = 0, 5*r - 18245 = -5*w. What is the hundreds digit of r?
6
Suppose -64 = -2*y - 42. Suppose -y*l + 20*l = 774. What is the tens digit of l?
8
Let t(n) = -207*n**3 - 16*n**2 - 49*n - 1. What is the ten thousands digit of t(-6)?
4
Suppose -a = -96 + 71. Suppose 0 = a*y - 8038 + 1438. What is the tens digit of y?
6
Let b(j) = 5736*j**2 + 80*j + 7. What is the thousands digit of b(2)?
3
Let u(g) = 8*g**2 + 47*g + 436. What is the ten thousands digit of u(-38)?
1
Let y be 8/14 + (-440)/(-14). Suppose -y = -9*g + g. What is the tens digit of -72*(2 - (2 - g/(-8)))?
3
Suppose 2*n + 2*n - 76 = -4*z, 5*n - 115 = -z. Let s(q) = q**3 - q**3 + 3*q - q + q**3 + 7 - n*q**2. What is the tens digit of s(24)?
5
Suppose -2*y = -4*y - 6*y. Suppose -3*l + 4*q + 2818 = y, 2743 - 871 = 2*l - 4*q. What is the tens digit of l?
4
Let u = 225 + -220. Suppose -u*g = -2*g - 1302. What is the tens digit of g?
3
Let f(g) = 769*g + 3461. What is the hundreds digit of f(28)?
9
Suppose 865 + 2167 = 4*n + 5*p, 3*n - 2255 = p. Let g = 1062 - n. What is the hundreds digit of g?
3
Suppose -5*y + 21852 = 4*h, 0 = 3*y + h - 6040 - 7074. Suppose 3*t + 0*t = 2*s + y, 3*t - 4376 = s. What is the tens digit of t?
6
Suppose -2*v - 2*u = -58, -3*v + 122 = v + 2*u. Let x = 35 - v. Suppose 37 = 3*y - 2*y - 3*j, -x*y + 3*j + 123 = 0. What is the units digit of y?
3
Suppose 5